t the prime factors of k(t).
3, 31
Let g(q) = 16*q**3 + q - 1. Let b be g(1). Suppose -4*r = u - 2*u + 8, -2*u + b = r. Suppose u*a - 4*a - 48 = 0. What are the prime factors of a?
2, 3
Let q(i) be the third derivative of i**6/120 - 29*i**5/60 - 7*i**4/6 - 17*i**3/6 - 37*i**2. What are the prime factors of q(30)?
43
Let c be ((-10)/(-20))/(2/248). Let a = c + -4. What are the prime factors of a?
2, 29
List the prime factors of ((-1305)/4)/(((-147)/(-56))/(-7)).
2, 3, 5, 29
Suppose 2724 + 6 = 15*z. List the prime factors of z.
2, 7, 13
Let q(r) = -3*r - 20. Let t be q(-13). Suppose z = 29 + t. What are the prime factors of z?
2, 3
Let r(n) = n**3 + 10*n**2 + 8*n + 5. List the prime factors of r(-7).
2, 3
Let t(s) = s**3 - 3*s**2 + 8*s - 4. Let o be ((-2)/((-8)/(-4)))/(3/(-15)). List the prime factors of t(o).
2, 43
Let q be 2/(-7) + 21555/105. Let s = q + -133. List the prime factors of s.
2, 3
Suppose 132 = 10*o - 4*o. Let y = o - -176. List the prime factors of y.
2, 3, 11
Let q be 0/(-3)*2/(-4). Let s be -1*(-1 - (q + 1)). Suppose 5*r - s*b - 42 = 0, b - 4 = -5*r + 50. What are the prime factors of r?
2, 5
What are the prime factors of (-68)/(-238) - (0 + (-3258)/14)?
233
Let r be (1*-8)/(3 + -2). Let c(x) = -x**3 + 7*x**2 + 11*x - 5. Let j be c(8). Let m = j - r. List the prime factors of m.
3
Let n(y) = 11*y**3 - 5*y**2 - 6*y + 5. List the prime factors of n(4).
5, 11
Let q be 6/3*1 + -2. Suppose q = -5*k - 8 + 23. Suppose -2*l + 14 = k*j - 0*l, 3*l - 10 = j. What are the prime factors of j?
2
Let h(m) = -m**3 - 10*m**2 - 16*m - 23. Let n be h(-12). Suppose 0 = -5*d + 1117 - n. List the prime factors of d.
2, 3, 11
Let s be ((-939)/9)/(-1) - (-3)/(-9). Let i = -43 + s. List the prime factors of i.
61
Let c(t) = t**3 + 19*t**2 - 44*t - 40. Let v be c(-21). Suppose j + 3*j - 306 = -v*s, 5*s = 5*j - 390. List the prime factors of j.
7, 11
Let w(v) = v + 2. Let y be w(5). Let o(f) = -f**2 + 8*f - 3. What are the prime factors of o(y)?
2
Suppose 25*d = 24*d + 29. Suppose -d = -2*c - 23. Suppose c*g = -15, t + 4*g - 2*g - 37 = 0. What are the prime factors of t?
47
List the prime factors of 1017 - (5/(-10))/((-3)/6).
2, 127
Let x(f) = 5*f + 5. Let s = -6 + 4. Let r(b) = -5*b - 4. Let k(d) = s*x(d) - 3*r(d). List the prime factors of k(4).
2, 11
Let v be 4/30*-12*-5. Let w be (v/28)/((-2)/(-28)). Suppose -w*n + 74 + 30 = 0. What are the prime factors of n?
2, 13
Let o = 1198 - 465. List the prime factors of o.
733
Suppose -4*x + 5781 = -3*b + 23578, 3*x = -12. What are the prime factors of b?
5927
Let x(w) = 2*w - 2. Suppose 2*a + 2 = 3*a. Let i be x(a). Let p = i - -5. What are the prime factors of p?
7
Suppose j = u + 345, 8*u - 20 = 4*u. List the prime factors of j.
2, 5, 7
Let c(y) = 9*y - 68. What are the prime factors of c(41)?
7, 43
Suppose -z = -40 + 36. Suppose 3*a = -4*h + 233, -z*a + 2*h = -7*a + 235. Suppose 3*k = -2*b - 0*k + a, 39 = b + 2*k. What are the prime factors of b?
41
Let y be 656/3 - ((-16)/(-6) + -4). Suppose y = 5*l - 5*v, -l + 6*l - 220 = -v. What are the prime factors of l?
2, 11
Let m(v) = v - 12. Let y be m(12). Suppose -2*a + 3*a - 1 = y. What are the prime factors of (16 - 3)*a - 1?
2, 3
Let c be 2*-6 - (0 + -4). Let g(x) = 8*x - 7. Let k be g(5). Let d = k + c. What are the prime factors of d?
5
Let i(w) = 2*w - 10. Let l be i(8). Let u(t) = -2*t**3 + 12*t**2 - t + 6. Let j be u(l). What are the prime factors of 21 + j + -1 - 2?
2, 3
Let u = 237 - 105. What are the prime factors of u?
2, 3, 11
Let u(c) = 3*c**2 - 23*c + 5. Let d = 0 + 0. Suppose d = 4*n - 5*n + 10. List the prime factors of u(n).
3, 5
Suppose -4*f - 2 = -6*f, -f = -b + 1248. List the prime factors of b.
1249
Let x(a) = -a**3 - 7*a**2 + 5*a + 6. Let l = -27 - -19. What are the prime factors of x(l)?
2, 3, 5
Let h(n) be the first derivative of 11*n**2/2 - 18*n - 5. List the prime factors of h(14).
2, 17
Suppose 3*y - 3*v - 1215 = 186, 4*v = -2*y + 904. List the prime factors of y.
2, 3, 7, 11
Let y(m) be the second derivative of m**5/20 + m**2/2 - 6*m. Let s be y(1). Suppose -71 - 39 = -s*j. What are the prime factors of j?
5, 11
Let j(i) be the third derivative of -i**5/60 - i**4/24 + 79*i**3/3 - 27*i**2. List the prime factors of j(0).
2, 79
Let b(o) be the second derivative of 113*o**4/12 - o**3/6 - o**2 - 6*o. What are the prime factors of b(-1)?
2, 7
Let f(w) = -w**3 + 18*w**2 - 8*w - 5. Let j be f(17). Suppose 2*g - 3*u - j = -0*u, 0 = 2*g - 4*u - 146. List the prime factors of g.
7, 11
Let g(d) = 84*d - 77. What are the prime factors of g(8)?
5, 7, 17
Let c(i) = -9*i**3 - 5*i**2 - 36*i + 9. What are the prime factors of c(-5)?
29, 41
Let f(b) = b + 8. Let x be f(-5). Suppose 15 = x*a, -2*a + 6*a - 93 = -u. What are the prime factors of u?
73
Let s(t) = 11*t - 1. Let p be s(2). List the prime factors of 3 - 7/(p/(-186)).
5, 13
Suppose 5*r = k - 45, 2*r + 18 = -0*k - 5*k. Let s(j) = -j**3 - 9*j**2 - 6*j + 13. List the prime factors of s(r).
67
Suppose -14 + 2 = -2*z. Suppose 0*d = z*d - 198. What are the prime factors of d?
3, 11
Suppose 346*w - 1593 = 337*w. What are the prime factors of w?
3, 59
Let p = -78 + 1561. What are the prime factors of p?
1483
Let w = -169 - -176. Suppose -8 = -2*k - k + f, 2*f + 4 = 3*k. Let v = w - k. What are the prime factors of v?
3
Let t = 5 + 87. Let d = t + -57. What are the prime factors of d?
5, 7
What are the prime factors of 4*(3 - 2826/(-12)) - -4?
2, 479
Let x(a) = -a**2 - 19*a + 34. Let h be x(-20). Let w(r) = 3*r - 16. What are the prime factors of w(h)?
2, 13
Let m be 1/3*3*0 - 0. Suppose -3*z - 662 = -5*s, m = -5*s + 4*z + 330 + 336. List the prime factors of s.
2, 5, 13
Let j(o) = -o**3 - 4*o**2 - 3*o - 1. Let d = -4 + 9. Suppose -y + 5*y = -3*b + 4, -d*b + 4*y - 36 = 0. What are the prime factors of j(b)?
11
Let p(k) = k**3 - 11*k**2 - 11*k - 9. Let j be p(12). Suppose 188 = 4*l + 4*g, -3 = -j*l + 2*g + 163. List the prime factors of l.
2, 13
Let a(b) = 25*b - 14. Let g be a(1). Suppose 3*i + 4*o - 7 - 22 = 0, -i - 4*o = -23. List the prime factors of i*g - 13/13.
2
Let l = 60 - 44. What are the prime factors of 3 + -1 + 270 + l/4?
2, 3, 23
Let k be 3 - (-3 + 3 + 0). List the prime factors of -5 + 4 + k - -29.
31
Suppose 4*i - 5 = -0*i - 3*c, 2*c + 35 = 5*i. Let s be 60/18*3/i. Suppose 3*l + 2*g - 27 = -g, -16 = -s*l - g. List the prime factors of l.
7
Let u = -11 - -27. Suppose -13*b = -u*b + 168. List the prime factors of b.
2, 7
Let c = 43 + 22. What are the prime factors of -2 + c + 2 + 1?
2, 3, 11
Suppose -3*s = 3*s - 30. Suppose l + s*w - 21 = -0*l, -2*l - 5*w = -47. What are the prime factors of l?
2, 13
Suppose -i = 4*d - 4657, 177 + 971 = d - 3*i. List the prime factors of d.
1163
Let n(f) = 462*f + 781. What are the prime factors of n(8)?
11, 37
Suppose -17*w + 24*w + 1113 = 0. Let t = -5 - w. What are the prime factors of t?
2, 7, 11
Let m(j) be the second derivative of j**3/6 + 9*j**2/2 + 2*j. Let x be m(-6). Suppose -1 = -5*c - 4*t + 22, -3*t = -3*c + x. What are the prime factors of c?
3
Suppose -2*x = -140 - 0. Suppose -506 + x = -2*v. What are the prime factors of v?
2, 109
Suppose 0 = 4*b - 3*c - 330, 2*b + c = 4*c + 168. What are the prime factors of b?
3
Suppose k - 4*w = 48, 5*k - 4*w - 240 = -3*w. Let t = 3 + k. What are the prime factors of t?
3, 17
Suppose 4*i = -12, -13*i = -5*u - 8*i + 1735. What are the prime factors of u?
2, 43
Let d = -111 - -119. What are the prime factors of d/16*(-276)/(-3)?
2, 23
List the prime factors of ((-7308)/(-27) - 2) + 4/3.
2, 3, 5
Suppose 14144 = 21*u + 5*u. List the prime factors of u.
2, 17
Let j = -155 - -460. What are the prime factors of j?
5, 61
Let r = 216 - -84. List the prime factors of r.
2, 3, 5
Let q = -87 + 149. List the prime factors of q.
2, 31
Let z(a) = -162*a - 5. Let d be z(-5). Suppose -2*p - 3*p - d = 0. List the prime factors of p/(-35) + 4/10.
5
Suppose 4*a = 3*a, -2*a = -g. Suppose -267 = -i + 4*h, g = 2*i + h + 224 - 740. List the prime factors of i.
7, 37
Suppose 4*o - 5 = -h - 0, 2*o - 4*h = 16. Suppose 2*n = -o*n + 108. List the prime factors of n.
3
Let t = -3471 + 5628. List the prime factors of t.
3, 719
What are the prime factors of 255 + 0 + (-1 + 5)/(-2)?
11, 23
Suppose -217 = -4*a + h, -5*a - h + 240 